 the hundreds digit of f(159)?
8
Suppose 11*y - 21920 = 39416. What is the tens digit of y?
7
Let z(k) = 210*k - 2. Let s be z(2). Let o = -289 + s. What is the hundreds digit of o?
1
What is the hundreds digit of (3 - 1) + 5989720/1056 + (-2)/24?
6
Let u be (-27732)/18 - 2/(-3). Let q = -969 - u. Let t = -323 + q. What is the tens digit of t?
4
Let k(r) be the second derivative of r**5/20 - 3*r**4/4 - 7*r**3/2 - 5*r**2 + 17*r. Let l be k(11). What is the hundreds digit of 133*(3 + 2/(-1)) + l?
1
Let c = 20 - 20. Let l be c/(2/2 - 3) + -4. What is the units digit of 201/4 - 1/l*-1?
0
What is the thousands digit of -7 - (16/(-4) + -43378 + -11 + 9)?
3
Let y(b) = -b**3 + 56*b**2 - 134*b - 53. What is the hundreds digit of y(24)?
1
Let z(b) = b - 45. Let j be z(-21). Let a = j + 63. What is the units digit of a + 10 + -5 - -25?
7
Let c(t) = -t**3 + 4*t**2 - 5*t + 9. Let s be c(3). Let m(y) = 1 + 6*y**3 + 8*y**2 - 5*y - 8*y**2. What is the tens digit of m(s)?
4
Let j(s) = 3137*s**2 + 269*s - 800. What is the units digit of j(3)?
0
Let c be 15 + (-1)/(18/30)*-3. Suppose -5*b - 5820 = -c*b. What is the hundreds digit of b?
3
Let u = -5309 + 5400. Suppose 2*f - 16 + 154 = 0. Let j = f + u. What is the units digit of j?
2
Let t(m) = -2*m**2 - 51*m - 68. Let b be t(-24). Suppose 3*r - 20*y + 24*y = 667, -b*y + 1109 = 5*r. What is the hundreds digit of r?
2
Let t(r) be the first derivative of r**3/3 - 3*r**2/2 - 31*r - 17. Let y be t(7). Let a(k) = -28*k + 3. What is the tens digit of a(y)?
8
Suppose -47*j + 193773 = -1264816 - 264243. What is the tens digit of j?
5
Let n(q) = -2*q**3 - 2*q**2 - 6*q - 5. Let b(a) = 3*a**3 + 5*a**2 + 13*a + 10. Let h(f) = 3*b(f) + 5*n(f). What is the units digit of h(-5)?
0
Suppose 0 = -2*l - 1 + 7. Let q be ((-3 - l)/3)/2 + 3. Suppose -2*v = q, -2*n + 0*v - v = -591. What is the units digit of n?
6
Suppose 4*k = -2*a + 200148, -126808 = -5*k + 3*a + 123333. What is the hundreds digit of k?
0
Suppose 3103 + 77 = 6*z. Suppose -28*b = -z - 2074. What is the units digit of b?
3
Let l = 35 + -7. Let w = l + -224. Let c = -113 - w. What is the units digit of c?
3
Suppose -33*o = 667 - 832. Suppose 0 = -6*c + c + 2550. Suppose o*s - r = 843, -4*r = -3*s - 2*r + c. What is the hundreds digit of s?
1
Let b = 44573 - -2130. What is the ten thousands digit of b?
4
Suppose -21547 = -10*z + 353. Suppose -2*s = -z + 20. What is the thousands digit of s?
1
Let x(c) = -1841*c - 447. What is the thousands digit of x(-3)?
5
Suppose -5*j + 15*p + 115123 = 18*p, -2*j - 5*p = -46053. What is the units digit of j?
4
Suppose -14*a - 14769 - 46229 = -21*a. What is the units digit of a?
4
Let r(z) = -z**3 - 17*z**2 + 11*z - 23. Let n be r(-18). Suppose -n*j = -93*j - 2490. What is the tens digit of j?
4
Let s(j) = -2*j**3 - 27*j**2 + 174*j + 69. What is the units digit of s(-20)?
9
Suppose 78 = -3*h + 42. Let y = h + 40. Let c = y + 203. What is the units digit of c?
1
Suppose -61*r = -43650 + 10771. What is the hundreds digit of r?
5
Let l be (-15270)/(-25) - 28/35. Let t = -366 + l. What is the hundreds digit of t?
2
Let k(p) = p**3 + 13*p**2 + 14*p + 47. Let n be k(-12). Suppose 27*d = n*d + 1768. What is the units digit of d?
2
Let r(f) = 242*f**2 + 4*f - 45. What is the thousands digit of r(-9)?
9
Let p be 69/12 + 2/8. Let x be (16/24)/((-20)/810). What is the hundreds digit of 304/p*x/(-6)?
2
Let l be (-3)/9*0 + (1 - -2). Suppose l*g = 3*s, -g = -5*s + 3 + 17. Suppose 2*f + 3*b - 27 = 0, g*f + 4*b - 85 = -0*b. What is the tens digit of f?
2
What is the tens digit of (-6)/(3 + 11 + -10 - 993/248)?
8
Let a(t) be the first derivative of -172*t**3/3 + t**2/2 - 2*t - 19. Let h be a(1). Let o = h + 324. What is the units digit of o?
1
What is the tens digit of 565/(-339)*(-1)/(-2)*6 + 25696?
9
Let s(t) = 30*t**3 - 5*t**2 - 81*t + 423. What is the thousands digit of s(6)?
6
Let h be (-15)/1*(-56)/6. Let k be 1/5*6 - 28/h. Suppose 0 = 10*u + k - 1431. What is the hundreds digit of u?
1
Suppose -1111585 - 1162667 = -158*o. What is the tens digit of o?
9
Let s = -120 + 124. Suppose s*l + 310 = 2*l. Let x = l + 302. What is the tens digit of x?
4
Let f = 88 + -80. Let d be (-3 + 28/f)*0. Let n = 67 - d. What is the tens digit of n?
6
What is the units digit of 318153/330 - 3/30?
4
Suppose 4*x - 3*f = 165877, 744*x - 741*x + 3*f - 124392 = 0. What is the units digit of x?
7
Let i = 46 - 43. Suppose 5 = -5*b, -i*h + b = -3*b + 407. Let x = h + 204. What is the tens digit of x?
6
Let k be 10/3*(-33)/(-55). Suppose 4*s = -f + 725, 4*f = 2*s + k*f - 360. Suppose d - 33 = s. What is the tens digit of d?
1
Let q = 10146 - 4541. Suppose -15*a = 4*a - q. What is the units digit of a?
5
Suppose -2*z + w = 2*w, -4*z = -5*w. Suppose z = -q + 36 + 245. What is the units digit of q?
1
Let i(j) = -j**3 + 14*j**2 - 14*j + 18. Let y be i(13). Suppose 0 = y*w + 20 - 160. What is the units digit of -2 + 7/4 + 1211/w?
3
What is the thousands digit of 4/16 - (-2401707)/308?
7
Suppose -6*j = -4*j + g, -4*j + 4 = g. What is the thousands digit of (553/21 - 6)*(j - -55)?
1
Let y(p) = 2*p**3 - 8*p**2 + 12*p + 8. Let x be y(4). Let v = 24 - x. Let k = 13 - v. What is the units digit of k?
5
Suppose -b + 5159 = -54*n + 57*n, -5*n + 8570 = -4*b. What is the tens digit of n?
1
Let x(v) = 156*v - 13. Suppose -u = -m - m + 7, -3*m + 2*u = -12. What is the units digit of x(m)?
9
Suppose -5*l - 137900 = -40*l. What is the tens digit of l?
4
Suppose 0 = 9*g - 1884 + 21. Let l = 354 + g. What is the units digit of l?
1
Let g(y) = -y - 6. Let b = 74 - 71. Suppose -7 = b*r + 29. What is the units digit of g(r)?
6
What is the hundreds digit of (-8)/(-28) - 25210400/(-350)?
0
Let q(m) = 14*m + 7. Let p be q(1). Let i(l) = -l**3 + 20*l**2 + 26*l + 42. What is the tens digit of i(p)?
4
Suppose -8*q = -5*q + 3*l - 555, -q + 191 = 3*l. Suppose -80 = -q*f + 174*f. What is the units digit of f?
0
Let l = -40 - -42. Suppose 0*h + 3 = l*c - h, 2*c - 9 = 3*h. Suppose -5*y = -c*y - 520. What is the tens digit of y?
0
Let c(u) = -u - 13. Let z be c(-7). Let s be (-18)/12*244/z. Suppose 0 = -3*y - 4*n + 193, -y + 2 + s = 2*n. What is the tens digit of y?
6
Suppose 9756 = 4*r - 4*c, 3*r - c + 4312 = 11619. What is the hundreds digit of r?
4
Let n be (-60)/(-6) + 4 + -1. Suppose -5915 - 4264 = -n*k. What is the units digit of k?
3
Suppose -21*h + 22554 = -0*h. Let n = -646 + h. What is the units digit of n?
8
Suppose -25 = -5*l, 5*b - l + 18935 = 89080. What is the hundreds digit of b?
0
Suppose i = -i - 294. Suppose 36*x + 12642 = -13*x. Let a = i - x. What is the units digit of a?
1
Suppose -20*j - 165 = -2405. What is the hundreds digit of j?
1
Suppose 36 = 2*p - 5*q, 4*p - 4*q - 37 = 11. What is the hundreds digit of -1 + p + 802 + 0?
8
Let m = 754 + -886. What is the tens digit of (-6098)/(-22) + 5 + 684/m?
7
Let r = -9726 - -13322. What is the units digit of r?
6
Let f be ((-25)/(-2) + -1)/(13/(-26)). Let m(j) = -j**2 - 37*j - 37. What is the tens digit of m(f)?
8
Let x(m) = 9*m - 5. Let v be (2/3)/((-12)/(-1710)). Suppose -63 = -5*a + 3*z - 3, 4*z - v = -5*a. What is the hundreds digit of x(a)?
1
Let x = -1023 - -1034. Suppose 2*b + 0*b = 4. Suppose -x + 13 = b*o. What is the units digit of o?
1
What is the tens digit of (-197617)/(-5) - ((-23)/184 - (-21)/40)?
2
Suppose 12*y - 956 - 6964 = 0. Suppose 6*h + y = 16*h. What is the units digit of h?
6
Let x(y) = -10*y**3 + 5*y**2 + 22*y + 120. What is the tens digit of x(-5)?
8
Let r be (91/13)/28 - (-19)/4. What is the thousands digit of 6310/r + 7/((-28)/(-16))?
1
Let n(p) be the first derivative of p**2/2 + p - 14. Let m(f) = -f + 25. Let z(i) = m(i) - 4*n(i). What is the hundreds digit of z(-23)?
1
Let g = 12721 - 8838. Let x = g + -2364. What is the hundreds digit of x?
5
Let c(h) = -197*h**3 + h**2 - 3*h - 6. Let u be (-10)/(-2 - 0) - 7. What is the units digit of c(u)?
0
Let n(j) = j**2 - j + 61. Let w be n(0). Suppose 592 = -59*v + w*v. What is the hundreds digit of v?
2
What is the hundreds digit of 8/6*(2145663/54 + 53)?
0
Let t = -26 + 34. Suppose -90 - 166 = -t*l. Let i = 52 - l. What is the tens digit of i?
2
Let n(q) = q**2 + q**2 + 2*q - 3 - 1. Let l be ((-1)/(-6))/((-31)/(-558)). What is the tens digit of n(l)?
2
Let a = 26265